housands digit of 399244136?
4
What is the millions digit of 23438183?
3
What is the thousands digit of 63551807?
1
What is the millions digit of 108010933?
8
What is the units digit of 6358417429?
9
What is the tens digit of 558529049?
4
What is the hundred thousands digit of 2916916839?
9
What is the hundreds digit of 35527673?
6
What is the ten thousands digit of 798487905?
8
What is the ten thousands digit of 114372609?
7
What is the thousands digit of 7323563831?
3
What is the units digit of 12289923?
3
What is the tens digit of 129738700?
0
What is the hundred thousands digit of 121215111?
2
What is the units digit of 31835862?
2
What is the ten millions digit of 829630702?
2
What is the thousands digit of 10631678?
1
What is the thousands digit of 6865190977?
0
What is the millions digit of 134550501?
4
What is the ten millions digit of 215513173?
1
What is the hundreds digit of 87509248?
2
What is the thousands digit of 37601175?
1
What is the units digit of 152607378?
8
What is the tens digit of 1203773?
7
What is the hundreds digit of 21979742?
7
What is the ten millions digit of 664181782?
6
What is the units digit of 1981696434?
4
What is the millions digit of 5139348226?
9
What is the ten millions digit of 132489209?
3
What is the hundred thousands digit of 1686564984?
5
What is the units digit of 8111041045?
5
What is the hundred millions digit of 345035756?
3
What is the thousands digit of 56723516?
3
What is the millions digit of 765673930?
5
What is the hundreds digit of 2872028055?
0
What is the tens digit of 27104076?
7
What is the hundred thousands digit of 66857884?
8
What is the hundred thousands digit of 171820640?
8
What is the units digit of 284328393?
3
What is the hundred millions digit of 103603938?
1
What is the tens digit of 1397816474?
7
What is the units digit of 1603835446?
6
What is the tens digit of 478406686?
8
What is the hundred millions digit of 1070489394?
0
What is the millions digit of 729344826?
9
What is the units digit of 52166004?
4
What is the ten thousands digit of 213102012?
0
What is the tens digit of 190432648?
4
What is the ten millions digit of 37350707?
3
What is the millions digit of 581366344?
1
What is the millions digit of 154471475?
4
What is the ten thousands digit of 50100628?
0
What is the thousands digit of 568186095?
6
What is the hundreds digit of 4158946?
9
What is the hundreds digit of 59237040?
0
What is the hundred millions digit of 153013956?
1
What is the hundred millions digit of 289546198?
2
What is the hundreds digit of 104762911?
9
What is the billions digit of 2106886795?
2
What is the ten thousands digit of 45473194?
7
What is the ten thousands digit of 30281978?
8
What is the ten thousands digit of 4449627720?
2
What is the units digit of 654155538?
8
What is the ten thousands digit of 400335046?
3
What is the thousands digit of 853568887?
8
What is the hundreds digit of 146682454?
4
What is the hundred thousands digit of 44118877?
1
What is the ten thousands digit of 28150654?
5
What is the tens digit of 105969604?
0
What is the ten millions digit of 2084187622?
8
What is the units digit of 1925080305?
5
What is the millions digit of 14991359?
4
What is the ten thousands digit of 85761854?
6
What is the ten millions digit of 1653566235?
5
What is the ten thousands digit of 415205794?
0
What is the hundreds digit of 1363340789?
7
What is the thousands digit of 274255239?
5
What is the millions digit of 775849934?
5
What is the hundreds digit of 2767569415?
4
What is the ten millions digit of 330699023?
3
What is the hundreds digit of 63204000?
0
What is the millions digit of 20581921?
0
What is the hundred thousands digit of 196987245?
9
What is the hundred thousands digit of 357839312?
8
What is the tens digit of 3822285204?
0
What is the billions digit of 2102495139?
2
What is the hundred millions digit of 224627573?
2
What is the thousands digit of 453157980?
7
What is the thousands digit of 388477800?
7
What is the hundred thousands digit of 15809769?
8
What is the hundreds digit of 54020268?
2
What is the tens digit of 92512399?
9
What is the units digit of 740242675?
5
What is the hundreds digit of 541880122?
1
What is the ten thousands digit of 1976660095?
6
What is the ten thousands digit of 56484032?
8
What is the hundreds digit of 107389139?
1
What is the ten millions digit of 390396831?
9
What is the thousands digit of 1059742991?
2
What is the units digit of 5054936735?
5
What is the hundred thousands digit of 549556038?
5
What is the units digit of 16060062?
2
What is the ten thousands digit of 261579962?
7
What is the ten thousands digit of 161126655?
2
What is the ten thousands digit of 565160262?
6
What is the units digit of 229178058?
8
What is the thousands digit of 6586812?
6
What is the hundreds digit of 34207216?
2
What is the hundreds digit of 220133435?
4
What is the ten millions digit of 795150826?
9
What is the thousands digit of 2433981639?
1
What is the hundreds digit of 126201254?
2
What is the hundred millions digit of 5203455417?
2
What is the ten thousands digit of 312848433?
4
What is the units digit of 333535767?
7
What is the tens digit of 616109174?
7
What is the thousands digit of 522611643?
1
What is the ten thousands digit of 31512780?
1
What is the millions digit of 2256003135?
6
What is the units digit of 590101522?
2
What is the units digit of 20935727?
7
What is the millions digit of 64817657?
4
What is the ten thousands digit of 10048510?
4
What is the hundreds digit of 1224291985?
9
What is the ten thousands digit of 3562826624?
2
What is the thousands digit of 1362397376?
7
What is the ten millions digit of 1599883153?
9
What is the ten millions digit of 49272751?
4
What is the hundred thousands digit of 517841310?
8
What is the ten millions digit of 247987929?
4
What is the thousands digit of 1960563318?
3
What is the millions digit of 33288081?
3
What is the tens digit of 1009828437?
3
What is the ten millions digit of 403338340?
0
What is the hundred thousands digit of 2530331?
5
What is the ten thousands digit of 5499965638?
6
What is the millions digit of 374987817?
4
What is the millions digit of 1469518702?
9
What is the hundred millions digit of 168207115?
1
What is the units digit of 1728278957?
7
What is the hundreds digit of 329867984?
9
What is the millions digit of 10363941?
0
What is the units digit of 66196476?
6
What is the tens digit of 99854551?
5
What is the hundreds digit of 213986609?
6
What is the hundred thousands digit of 835154301?
1
What is the units digit of 43834685?
5
What is the thousands digit of 519084800?
4
What is the tens digit of 26011537?
3
What is the hundreds digit of 118774241?
2
What is the ten millions digit of 99960552?
9
What is the hundred thousands digit of 342449144?
4
What is the hundred millions digit of 196292848?
1
What is the ten thousands digit of 44966519?
6
What is the ten millions digit of 417454573?
1
What is the ten thousands digit of 27693841?
9
What is the hundreds digit of 1242393598?
5
What is the thousands digit of 243962975?
2
What is the thousands digit of 293999250?
9
What is the hundreds digit of 391517758?
7
What is the units digit of 22774110?
0
What is the millions digit of 31011339?
1
What is the hundreds digit of 541894950?
9
What is the units digit of 80052929?
9
What is the millions digit of 766967798?
6
What is the thousands digit of 330807163?
7
What is the hundred thousands digit of 25081377?
0
What is the millions digit of 770945274?
0
What is the thousands digit of 1461828670?
8
What is the tens digit of 38508079?
7
What is the ten thousands digit of 201864691?
6
What is the hundred millions digit of 2554754953?
5
What is the hundred thousands digit of 100963158?
9
What is the hundreds digit of 7721902322?
3
What is the millions digit of 1927304523?
7
What is the billions digit of 1877240691?
1
What is the millions digit of 889767525?
9
What is the tens digit of 378991323?
2
What is the hundred thousands digit of 432242234?
2
What is the ten millions digit of 384885524?
8
What is the hundred thousands digit of 172745053?
7
What is the units digit of 1230425747?
7
What is the thousands digit of 138380995?
0
What is the ten millions digit of 